55. Is d composite?
False
Suppose -3*j = -2*j + q + 34, -172 = 4*j - 5*q. Is -1 + (-19)/(j/840) prime?
True
Suppose -231*a + 235*a = 34172. Is a composite?
False
Let j = 16 - 15. Let w(k) = 3*k. Let x be w(j). Suppose -x*c + 64 = 4*i - 0*i, -20 = 5*c. Is i a composite number?
False
Let p(i) = -1117*i + 281. Is p(-8) composite?
True
Suppose -t = -28*c + 25*c - 5032, 0 = -5*t + 2*c + 25199. Is t a prime number?
False
Let c(x) = 3*x**3 + 4*x**2 - 8*x - 17. Let n(v) = -v**2 + v. Let q(m) = c(m) + 3*n(m). Is q(8) a composite number?
False
Suppose 3*g + 5*y + 29 = 0, -g + 6*y = 5*y - 1. Is ((-1)/g)/(14/10542) a composite number?
False
Suppose 2*c + 3 = 3*c, w + c - 5474 = 0. Is w a composite number?
False
Let k(a) = -29*a**3 - 4*a**2 - a + 4. Let p be k(-2). Suppose 493 = 5*z - p. Is z prime?
False
Is ((-2)/(-4))/(14/69636) composite?
True
Let c = 39 + -31. Is (1172/c)/((-1)/(-2)) composite?
False
Let s(f) = f**3 + 10*f**2 - f + 2. Let v be s(-10). Suppose -6*i + v + 6 = 0. Suppose -4*y + 0*y = -i*z - 11, -5*y - 4*z = -6. Is y prime?
True
Let q be (13/(-4))/((-9)/108). Suppose 0 = 4*g - g - q. Is g a prime number?
True
Let i be (4 - 2) + (6 - 2)/1. Let l(j) be the first derivative of -j**4/4 + 3*j**3 - j**2/2 - 13*j - 4. Is l(i) a prime number?
True
Suppose -2*j - 12 = 4*z, 39 = -5*j + j - 3*z. Let g = j + 31. Is g prime?
True
Let x = -115 + 71. Is ((-998)/8)/(11/x) composite?
False
Let t(s) = 7*s**3 - 14*s**2 - 2*s + 8. Is t(7) a composite number?
False
Let x(z) = z**3 + 3*z**2 + 3*z + 2. Suppose 0*l = 5*l + 10. Let j be x(l). Suppose j = 3*p - 2525 + 578. Is p prime?
False
Let z be 5/20 - 57/(-12). Suppose r - 8793 - 4377 = -z*w, -3*r - 13150 = -5*w. Is w prime?
True
Suppose -23*u = -9285 - 18016. Is u prime?
True
Suppose 4045 = 12*m - 7*m. Is m a prime number?
True
Suppose 0 = a - 4*q - 247, q - 1226 = -4*a - 187. Let w = a + -138. Suppose 2*s - 2*k + 26 = 76, 0 = 5*s - 4*k - w. Is s prime?
False
Suppose -l = 3*b + 9, -5*l - 1 = b + 2. Is (0 - b) + -2 + 51 + 3 a composite number?
True
Suppose 0 = -11*z + 9*z + 16878. Let j be 12/(-30) - z/15. Let q = j - -1032. Is q a composite number?
True
Suppose -3*k = -3*k - 5*k. Suppose 4207 = y + w, k = 2*w + 16 - 8. Is y prime?
True
Let p(m) = -m - 20. Let k be p(-18). Let l(v) = -948*v + 19. Is l(k) prime?
False
Let x(m) = m**3 + 16*m**2 - 17*m + 11. Let k be x(-17). Suppose -k*z = -0*z - 44011. Is z a composite number?
False
Suppose 27*l = 359875 + 24578. Is l prime?
False
Suppose -2*m = 3*k - 4275, -2*m + 3*k - 6417 = -5*m. Suppose 0 = -u - 6*u + m. Suppose 0 = p - u + 55. Is p composite?
False
Suppose -6 + 46 = 4*g. Suppose g = h + h. Suppose 3*n - 292 = -r, n - h*r + 102 = 2*n. Is n composite?
False
Suppose -1209 = 3*v - 5322. Is v prime?
False
Let n = 3598 - 941. Is n a composite number?
False
Let h = 18822 + -5455. Is h prime?
True
Suppose -3*g + 3*l - 25411 = -90715, 0 = -4*g - 3*l + 87037. Is g composite?
True
Let i(t) = -t + 15. Let b be i(6). Suppose 2*j = -2*g + 334, 0 = -3*g + b + 3. Is j composite?
False
Let t = -231 - -150. Let p(q) = -q**3 + 2*q**2 + 8*q + 2. Let r be p(-6). Let z = r + t. Is z prime?
False
Let c = -16 - -29. Suppose f = -c - 1. Let p(u) = -12*u - 5. Is p(f) prime?
True
Let c = 3249 - 2098. Is c prime?
True
Suppose 4*z + z = 3*f + 25, 2*z = -2*f + 10. Let v be (-1 - 0)/(z/(-10)). Suppose -4*a + 2*s = -156, -v*a + 54 = -0*s + 5*s. Is a prime?
True
Let m(j) = 99*j + 277. Is m(30) composite?
True
Let o = -495 - -132. Let l = 749 + o. Let d = -225 + l. Is d composite?
True
Let v = 736 - 69. Is v a prime number?
False
Let c = 3522 - 1763. Is c composite?
False
Let p(u) = -3*u + 11. Let c be p(3). Suppose 3482 = 4*x - c*s, 3*x + 2*x + 3*s - 4336 = 0. Is x a composite number?
True
Suppose 1530 = -i + 5*b + 8612, -5*b = -5*i + 35430. Is i prime?
False
Let p = 5 - 4. Let h(t) = 78*t + 1. Let a(v) = -156*v - 2. Let c(l) = 2*a(l) + 5*h(l). Is c(p) a prime number?
True
Let o be 6/(-4)*(-8)/(-3). Is -2 - (2 + o) - -185 composite?
True
Suppose 14559 = -184*g + 187*g. Is g prime?
False
Let s(z) = z**3 + 7*z**2 + 6*z + 5. Let p be s(-6). Suppose -8*n + 56 = -4*n - 3*c, p*n = 2*c + 63. Suppose -9 - n = -2*j. Is j composite?
True
Suppose 0 = -3*p + 3*r - 285, -5*p - 489 = -3*r + 5*r. Let j(b) = b**3 + 4*b**2 - b + 16. Let k be j(-5). Is (3 - p) + 12/k a composite number?
False
Suppose 3*x - 9 - 1 = -2*y, -y + 5 = -3*x. Suppose x = 3*n - 5 + 14. Let l(i) = -5*i**3 - 2*i**2 - 2*i + 4. Is l(n) a composite number?
False
Suppose -4049 = -195*l + 194*l. Is l a prime number?
True
Let l = 13 + -8. Let c(j) = 4*j**2 + j + 1. Let h be c(l). Suppose -h = -2*g - 5*n, 5*g = 3*g - 2*n + 106. Is g composite?
False
Let n(w) = 208*w + 6. Let v be n(-4). Is v/(-12) + (-6)/(-36) a prime number?
False
Let r = 5592 + -3799. Let h = 4732 - r. Is h composite?
False
Let r(b) = 664*b**3 - 11*b**2 + 4*b - 14. Is r(3) a prime number?
True
Let g be 2/(-5)*3/(9/15). Is (-17)/g*1/(1/22) prime?
False
Suppose -4 = -5*c + 2*x, 0 = c - 0*x + 3*x - 11. Suppose 3*a + c*o - 3130 = o, 0 = -3*o + 3. Is a composite?
True
Let y = -58362 + 83983. Is y a prime number?
True
Let u(d) = 4260*d + 251. Is u(4) prime?
True
Let p(y) = -3 + y + 4 + 0*y. Let i be p(2). Suppose 4*m = 4*j + 528, -521 = -m - 3*m - i*j. Is m a composite number?
False
Let w be 9/(18/964)*1. Let y(s) = -s**3 + s**2 + 2*s - 3. Let t be y(-9). Let i = t - w. Is i composite?
False
Let h(r) = -r**3 - 3*r**2 + 3*r. Let i be h(-4). Is (-7)/(35/(-7785)) + i composite?
True
Suppose -4*u + 5*q - 318 = 0, q = -5*u + 2*q - 387. Let w = u - -136. Is w prime?
True
Let z be 48/20 - (1 - (-3)/(-5)). Suppose -186 = -m - 2*a + 779, -3*a + 1934 = z*m. Is m a prime number?
False
Let u(j) = 11*j**2 - 8*j - 12. Let f be (2 + -1)/(3/(-9)). Is u(f) composite?
True
Let v(o) = o**3 + o**2 - 11*o + 2. Let j be (1 - 3/3)/1. Suppose -2*q + 15 = -j*u + 3*u, 0 = 5*q. Is v(u) a composite number?
False
Let g(n) = 4*n + 8*n**2 - 3*n - 3 + 0 - 2*n**3 - 2. Let w be g(7). Let j = -69 - w. Is j a prime number?
True
Let l(h) = -350*h - 81. Is l(-4) prime?
True
Let y = 60830 - 25339. Is y a prime number?
True
Let u(f) = 2*f - 16. Let x(a) = 5. Let b(c) = 4*u(c) + 11*x(c). Let p(t) = t**2 - t - 2. Let y be p(3). Is b(y) a prime number?
True
Suppose 174 = -w + 4*w. Let a = 122 - w. Suppose -5*c + 494 = a. Is c prime?
False
Let t(y) = 8*y + 21 - 10*y - 12*y. Is t(-13) a prime number?
False
Let d = 2580 - 1181. Is d a prime number?
True
Let j(f) = -69*f + 2 - 29*f - 18*f - 27*f. Let t be j(-11). Suppose -5*d - 327 = -c, 0*c - 5*d = 5*c - t. Is c a prime number?
True
Let f(h) = h**3 - 6*h**2 + 3*h + 2. Let r be f(5). Let a be ((-7)/14)/(2/r). Suppose a*s + 406 = 4*s. Is s a prime number?
False
Suppose 2*b - 47 = d + 541, -3*d = 5*b + 1808. Let v = 1035 - d. Is v a prime number?
False
Let m(k) be the third derivative of k**5/6 - 11*k**4/24 - 2*k**3/3 - 11*k**2. Let x = 9 + -2. Is m(x) prime?
True
Let h(m) be the first derivative of 4*m**2 - 11*m - 47. Suppose 0 = 7*o - 2*o - 30. Is h(o) a prime number?
True
Let y(f) = 2104*f - 6. Is y(1) a prime number?
False
Suppose 13*l = 14*l. Suppose 2*i + 22 = -5*d + 73, l = -3*i + 3*d + 108. Is i composite?
True
Let a = 18664 + -9605. Is a a composite number?
False
Suppose 3*u - v = 6552, -5*u - 3*v + 10931 = -v. Let q = u - 990. Is q composite?
True
Let g(k) = -518*k + 51. Is g(-2) composite?
False
Suppose 12*c = 100826 - 32798. Is c composite?
False
Suppose 11*b - 24 = 9. Suppose -3224 = -b*m - 5*m. Is m a prime number?
False
Let b(k) = -4*k - 20. Let c be b(-6). Suppose -5*v - c*p = -19, -2*p = -5*p - 12. Is 195 + v/((-21)/12) a composite number?
False
Let z(y) = -1188*y - 307. Is z(-8) prime?
False
Let g = 1773 - 1138. Is g a composite number?
True
Let y = -2875 + 5318. Is y a composite number?
True
Let x(d) = 6*d - 8. Let r be x(4). Suppose 3*g - r = -g. Suppose g*n - 1587 - 2585 = 0. Is n a composite number?
True
Suppose m - 2 = -m, 4*a = 5*m - 25. Let n = a + 11. Is n composite?
True
Let n = -18 + 45. Suppose -3*j = -2*y + 21, -j = -3*y - y + n. Suppose -5*k = -y*k + 57. Is k composite?
True
Let j = 119750 + -63949. Is j a prime number?
False
Let w be 630/9 - 0/(-2). Let f(k) = 2*k**2 - k - 1. Let q be f(-1). Suppose q*h + 2*p = w + 30, 3*p = -3. Is h a prim